{"id":2440,"date":"2021-06-11T12:42:46","date_gmt":"2021-06-11T09:42:46","guid":{"rendered":"https:\/\/www.umutmekanik.com\/?page_id=2440"},"modified":"2021-08-03T14:04:09","modified_gmt":"2021-08-03T11:04:09","slug":"genel-saha-isleri","status":"publish","type":"page","link":"https:\/\/umutmekanik.com\/index.php\/hizmet-alanlari\/genel-saha-isleri\/","title":{"rendered":"Genel Saha \u0130\u015fleri"},"content":{"rendered":"<p>[vc_row][vc_column]<div class=\"gallery-fs\"><figure><img decoding=\"async\" src=\"\" alt=\"\"><figcaption>Genel Saha \u0130\u015fleri<\/figcaption><\/figure><\/div>[vc_row_inner][vc_column_inner][vc_custom_heading][vc_column_text]Yer alt\u0131 madencili\u011finde ayna i\u015faretleme ve t\u00fcnel i\u015faretleme i\u015flemine yard\u0131mc\u0131 olmak amac\u0131yla \u00fcretimini yapt\u0131\u011f\u0131m\u0131z ayna boyama \u00e7ubu\u011fu operat\u00f6rlerimizin daha verimli ve daha sa\u011fl\u0131kl\u0131 \u00e7al\u0131\u015fmas\u0131n\u0131 sa\u011flamaktad\u0131r. Bu \u00fcr\u00fcnle 4-6 metre y\u00fckseklikteki noktalara rahatl\u0131kla i\u015faret koyabilirsiniz[\/vc_column_text][\/vc_column_inner][\/vc_row_inner][\/vc_column][\/vc_row][vc_row][vc_column width=&#8221;1\/2&#8243;][vc_custom_heading][vc_tta_accordion][vc_tta_section title=&#8221;Section 1&#8243; tab_id=&#8221;1623404550766-36208e68-e214&#8243;][\/vc_tta_section][vc_tta_section title=&#8221;Section 2&#8243; tab_id=&#8221;1623404550796-7fe40184-669f&#8221;][\/vc_tta_section][\/vc_tta_accordion][\/vc_column][vc_column width=&#8221;1\/2&#8243;][vc_custom_heading][vc_column_text]<\/p>\n<p>I am text block. Click edit button to change this text. Lorem ipsum dolor sit amet, consectetur adipiscing elit. Ut elit tellus, luctus nec ullamcorper mattis, pulvinar dapibus leo.<\/p>\n<p>[\/vc_column_text][\/vc_column][\/vc_row]<\/p>\n","protected":false},"excerpt":{"rendered":"<p>[vc_row][vc_column][vc_row_inner][vc_column_inner][vc_custom_heading][vc_column_text]Yer alt\u0131 madencili\u011finde ayna i\u015faretleme ve t\u00fcnel i\u015faretleme i\u015flemine yard\u0131mc\u0131 olmak amac\u0131yla \u00fcretimini yapt\u0131\u011f\u0131m\u0131z ayna boyama \u00e7ubu\u011fu operat\u00f6rlerimizin daha verimli ve daha sa\u011fl\u0131kl\u0131 \u00e7al\u0131\u015fmas\u0131n\u0131 sa\u011flamaktad\u0131r. Bu \u00fcr\u00fcnle 4-6 metre y\u00fckseklikteki noktalara rahatl\u0131kla i\u015faret koyabilirsiniz[\/vc_column_text][\/vc_column_inner][\/vc_row_inner][\/vc_column][\/vc_row][vc_row][vc_column width=&#8221;1\/2&#8243;][vc_custom_heading][vc_tta_accordion][vc_tta_section title=&#8221;Section 1&#8243; tab_id=&#8221;1623404550766-36208e68-e214&#8243;][\/vc_tta_section][vc_tta_section title=&#8221;Section 2&#8243; &hellip;<\/p>\n","protected":false},"author":1,"featured_media":0,"parent":1436,"menu_order":0,"comment_status":"closed","ping_status":"closed","template":"","meta":{"footnotes":""},"class_list":["post-2440","page","type-page","status-publish","hentry"],"_links":{"self":[{"href":"https:\/\/umutmekanik.com\/index.php\/wp-json\/wp\/v2\/pages\/2440","targetHints":{"allow":["GET"]}}],"collection":[{"href":"https:\/\/umutmekanik.com\/index.php\/wp-json\/wp\/v2\/pages"}],"about":[{"href":"https:\/\/umutmekanik.com\/index.php\/wp-json\/wp\/v2\/types\/page"}],"author":[{"embeddable":true,"href":"https:\/\/umutmekanik.com\/index.php\/wp-json\/wp\/v2\/users\/1"}],"replies":[{"embeddable":true,"href":"https:\/\/umutmekanik.com\/index.php\/wp-json\/wp\/v2\/comments?post=2440"}],"version-history":[{"count":3,"href":"https:\/\/umutmekanik.com\/index.php\/wp-json\/wp\/v2\/pages\/2440\/revisions"}],"predecessor-version":[{"id":2588,"href":"https:\/\/umutmekanik.com\/index.php\/wp-json\/wp\/v2\/pages\/2440\/revisions\/2588"}],"up":[{"embeddable":true,"href":"https:\/\/umutmekanik.com\/index.php\/wp-json\/wp\/v2\/pages\/1436"}],"wp:attachment":[{"href":"https:\/\/umutmekanik.com\/index.php\/wp-json\/wp\/v2\/media?parent=2440"}],"curies":[{"name":"wp","href":"https:\/\/api.w.org\/{rel}","templated":true}]}}