{"id":1522,"date":"2016-01-20T09:15:00","date_gmt":"2016-01-20T09:15:00","guid":{"rendered":"http:\/\/anpsthemes.com\/construction\/?page_id=1522"},"modified":"2021-06-25T14:15:23","modified_gmt":"2021-06-25T11:15:23","slug":"damper-polimer-kaplama","status":"publish","type":"page","link":"https:\/\/umutmekanik.com\/index.php\/hizmet-alanlari\/damper-polimer-kaplama\/","title":{"rendered":"\u0130zmir Damper Polimer Kaplama"},"content":{"rendered":"<p>[vc_row css=&#8221;.vc_custom_1453476883637{margin-bottom: 15px !important;}&#8221;][vc_column]<div class=\"gallery-fs\"><figure><img decoding=\"async\" src=\"https:\/\/umutmekanik.com\/wp-content\/uploads\/2021\/06\/c3b397a2-d8d0-4b3c-994c-9b3f422ab7da.jpg\" alt=\"\"><figcaption><\/figcaption><\/figure><div class=\"gallery-fs-nav\"><button class=\"gallery-fs-fullscreen\"><i class=\"fa fa-arrows-alt\"><\/i><\/button><\/div><div class=\"gallery-fs-thumbnails gallery-fs-thumbnails-col-5 owl-carousel\"><a href='https:\/\/umutmekanik.com\/wp-content\/uploads\/2021\/06\/c3b397a2-d8d0-4b3c-994c-9b3f422ab7da.jpg' data-caption='' title='' class=\"selected\"><img loading=\"lazy\" decoding=\"async\" width=\"280\" height=\"210\" src=\"https:\/\/umutmekanik.com\/wp-content\/uploads\/2021\/06\/c3b397a2-d8d0-4b3c-994c-9b3f422ab7da-280x210.jpg\" class=\"attachment-anps-gallery-thumb size-anps-gallery-thumb\" alt=\"\" srcset=\"https:\/\/umutmekanik.com\/wp-content\/uploads\/2021\/06\/c3b397a2-d8d0-4b3c-994c-9b3f422ab7da-280x210.jpg 280w, https:\/\/umutmekanik.com\/wp-content\/uploads\/2021\/06\/c3b397a2-d8d0-4b3c-994c-9b3f422ab7da-300x225.jpg 300w, https:\/\/umutmekanik.com\/wp-content\/uploads\/2021\/06\/c3b397a2-d8d0-4b3c-994c-9b3f422ab7da-1024x768.jpg 1024w, https:\/\/umutmekanik.com\/wp-content\/uploads\/2021\/06\/c3b397a2-d8d0-4b3c-994c-9b3f422ab7da-768x576.jpg 768w, https:\/\/umutmekanik.com\/wp-content\/uploads\/2021\/06\/c3b397a2-d8d0-4b3c-994c-9b3f422ab7da-1536x1152.jpg 1536w, https:\/\/umutmekanik.com\/wp-content\/uploads\/2021\/06\/c3b397a2-d8d0-4b3c-994c-9b3f422ab7da-600x450.jpg 600w, https:\/\/umutmekanik.com\/wp-content\/uploads\/2021\/06\/c3b397a2-d8d0-4b3c-994c-9b3f422ab7da.jpg 2048w\" sizes=\"auto, (max-width: 280px) 100vw, 280px\" \/><\/a><a href='https:\/\/umutmekanik.com\/wp-content\/uploads\/2021\/06\/08934731-93f5-4cf6-a47a-0d78c61eb565.jpg' data-caption='08934731-93f5-4cf6-a47a-0d78c61eb565' title='08934731-93f5-4cf6-a47a-0d78c61eb565'><img loading=\"lazy\" decoding=\"async\" width=\"280\" height=\"210\" src=\"https:\/\/umutmekanik.com\/wp-content\/uploads\/2021\/06\/08934731-93f5-4cf6-a47a-0d78c61eb565-280x210.jpg\" class=\"attachment-anps-gallery-thumb size-anps-gallery-thumb\" alt=\"\" srcset=\"https:\/\/umutmekanik.com\/wp-content\/uploads\/2021\/06\/08934731-93f5-4cf6-a47a-0d78c61eb565-280x210.jpg 280w, https:\/\/umutmekanik.com\/wp-content\/uploads\/2021\/06\/08934731-93f5-4cf6-a47a-0d78c61eb565-300x225.jpg 300w, https:\/\/umutmekanik.com\/wp-content\/uploads\/2021\/06\/08934731-93f5-4cf6-a47a-0d78c61eb565-1024x768.jpg 1024w, https:\/\/umutmekanik.com\/wp-content\/uploads\/2021\/06\/08934731-93f5-4cf6-a47a-0d78c61eb565-768x576.jpg 768w, https:\/\/umutmekanik.com\/wp-content\/uploads\/2021\/06\/08934731-93f5-4cf6-a47a-0d78c61eb565-1536x1152.jpg 1536w, https:\/\/umutmekanik.com\/wp-content\/uploads\/2021\/06\/08934731-93f5-4cf6-a47a-0d78c61eb565-600x450.jpg 600w, https:\/\/umutmekanik.com\/wp-content\/uploads\/2021\/06\/08934731-93f5-4cf6-a47a-0d78c61eb565.jpg 2016w\" sizes=\"auto, (max-width: 280px) 100vw, 280px\" \/><\/a><a href='https:\/\/umutmekanik.com\/wp-content\/uploads\/2021\/06\/72557ec2-274f-4155-a270-47f351e0dcbe.jpg' data-caption='72557ec2-274f-4155-a270-47f351e0dcbe' title='72557ec2-274f-4155-a270-47f351e0dcbe'><img loading=\"lazy\" decoding=\"async\" width=\"280\" height=\"210\" src=\"https:\/\/umutmekanik.com\/wp-content\/uploads\/2021\/06\/72557ec2-274f-4155-a270-47f351e0dcbe-280x210.jpg\" class=\"attachment-anps-gallery-thumb size-anps-gallery-thumb\" alt=\"\" \/><\/a><a href='https:\/\/umutmekanik.com\/wp-content\/uploads\/2021\/06\/0f910a2c-b44c-4798-a55a-8c9943d54b59.jpg' data-caption='0f910a2c-b44c-4798-a55a-8c9943d54b59' title='0f910a2c-b44c-4798-a55a-8c9943d54b59'><img loading=\"lazy\" decoding=\"async\" width=\"280\" height=\"210\" src=\"https:\/\/umutmekanik.com\/wp-content\/uploads\/2021\/06\/0f910a2c-b44c-4798-a55a-8c9943d54b59-280x210.jpg\" class=\"attachment-anps-gallery-thumb size-anps-gallery-thumb\" alt=\"\" \/><\/a><a href='https:\/\/umutmekanik.com\/wp-content\/uploads\/2021\/06\/c350d0cb-7051-4f7f-9010-bf516d126afa.jpg' data-caption='c350d0cb-7051-4f7f-9010-bf516d126afa' title='c350d0cb-7051-4f7f-9010-bf516d126afa'><img loading=\"lazy\" decoding=\"async\" width=\"280\" height=\"210\" src=\"https:\/\/umutmekanik.com\/wp-content\/uploads\/2021\/06\/c350d0cb-7051-4f7f-9010-bf516d126afa-280x210.jpg\" class=\"attachment-anps-gallery-thumb size-anps-gallery-thumb\" alt=\"\" \/><\/a><a href='https:\/\/umutmekanik.com\/wp-content\/uploads\/2021\/06\/d067710b-d265-4b4f-bc2c-3e1faf766d17.jpg' data-caption='d067710b-d265-4b4f-bc2c-3e1faf766d17' title='d067710b-d265-4b4f-bc2c-3e1faf766d17'><img loading=\"lazy\" decoding=\"async\" width=\"280\" height=\"210\" src=\"https:\/\/umutmekanik.com\/wp-content\/uploads\/2021\/06\/d067710b-d265-4b4f-bc2c-3e1faf766d17-280x210.jpg\" class=\"attachment-anps-gallery-thumb size-anps-gallery-thumb\" alt=\"\" \/><\/a><\/div><\/div>[\/vc_column][\/vc_row][vc_row][vc_column][vc_custom_heading text=&#8221;Damper Polimer Kaplama Nedir ?&#8221; use_theme_fonts=&#8221;yes&#8221; el_class=&#8221;title&#8221;][vc_column_text]Kaplama en basit haliyle substrat olarak adland\u0131r\u0131lan bir y\u00fczeye uygulanan tabakad\u0131r. \u0130zmir damper polimer kaplama genellikle, gerekli ama\u00e7lar i\u00e7in herhangi bir maddeye uygulanan \u00fcst polimer tabakas\u0131 anlam\u0131na gelir.<\/p>\n<p>Genel olarak, polimer kaplamalar bir t\u00fcr polimerden bir film \u00fcretmek \u00fczere tasarlanm\u0131\u015ft\u0131r. S\u00fcre\u00e7 olabildi\u011fince h\u0131zl\u0131 olmal\u0131d\u0131r. Kaplama y\u00f6ntemi tipi, istenen kaplaman\u0131n kal\u0131nl\u0131\u011f\u0131, \u00e7al\u0131\u015fma reolojisi ve a\u011f\u0131n h\u0131z\u0131 gibi parametrelere g\u00f6re de\u011fi\u015fir. \u0130zmir damper polimer kaplama faz\u0131n kimyas\u0131 ve topolojisi, kaplamalarda y\u0131\u011f\u0131n (bulk) polimerlere k\u0131yasla olduk\u00e7a farkl\u0131d\u0131r. Polimerik malzemelerden yap\u0131lan kaplamalar bir dizi farkl\u0131 teknik kullanarak; metal, seramik veya sentetik malzemelerin y\u00fczeyleri gibi bir\u00e7ok farkl\u0131 y\u00fczeyde kullan\u0131labilir.<\/p>\n<p>Polimerler zincir yap\u0131lar\u0131na g\u00f6re termoset, termoplastik veya elastomer olabilirler. Polimer kaplamalara bu \u00fc\u00e7 yap\u0131da da rastlansa da en \u00e7ok termoset olarak kar\u015f\u0131m\u0131za \u00e7\u0131karlar. \u00c7o\u011fu kaplaman\u0131n termoset olmas\u0131n\u0131n nedeni, a\u011f mimarisinin bu ince polimer katmanlar\u0131n \u00e7\u00f6z\u00fcc\u00fclere, kimyasallara ve mekanik streslere kar\u015f\u0131 en y\u00fcksek direnci sunmas\u0131d\u0131r. \u00c7o\u011fu \u0130zmir damper polimer kaplama &#8216;n\u0131n ilgi \u00e7ekici bir \u00f6zelli\u011fi, kullan\u0131m ve yay\u0131lma kolayl\u0131\u011f\u0131 i\u00e7in s\u0131v\u0131 olarak (yani boya veya form\u00fclasyon olarak) uygulanmalar\u0131d\u0131r, ancak bu a\u00e7\u0131k\u00e7a termoplastik fazdan, uyguland\u0131ktan hemen sonra son termoset durumuna d\u00f6n\u00fc\u015ft\u00fcr\u00fclmeleri gerekir. Bunun ger\u00e7ekle\u015fmesi ise k\u00fcrleme i\u015flemi (curing) ile olur. Bu k\u00fcrleme ihtiyac\u0131 ka\u00e7\u0131n\u0131lmaz olarak bu t\u00fcr malzemelerin malzeme kimyas\u0131 se\u00e7imlerine yans\u0131r.[\/vc_column_text][\/vc_column][\/vc_row][vc_row][vc_column width=&#8221;7\/12&#8243;][vc_custom_heading text=&#8221;Polimerik Kaplama Uygulamalar\u0131&#8221; use_theme_fonts=&#8221;yes&#8221; el_class=&#8221;title&#8221;][vc_column_text]Poimerik kaplama; ula\u015f\u0131m, ev ara\u00e7 gere\u00e7leri, g\u0131da, kozmetik, ila\u00e7 sekt\u00f6rleri, in\u015faat ve benzeri bir \u00e7ok sekt\u00f6rde kar\u015f\u0131m\u0131za \u00e7\u0131kar. Bilgisayar ve cep telefonlar\u0131m\u0131z\u0131n ekranlar\u0131, binalar\u0131m\u0131z\u0131n duvarlar\u0131, mutfak e\u015fyalar\u0131m\u0131z\u0131n d\u0131\u015f kaplamalar\u0131; elektrik kablolar\u0131n\u0131n k\u0131l\u0131flanmas\u0131, ya\u011fmurluk ve benzeri tekstil \u00fcr\u00fcnleri, kitap kapaklar\u0131; gemi, u\u00e7ak, araba kaplamalar\u0131, me\u015frubat kutular\u0131 ve \u00f6zellikle metallere korozyona kar\u015f\u0131 yap\u0131lan kaplamalar polimerik kaplama uygulamalar\u0131na verebilece\u011fimiz \u00f6rneklerdir.<\/p>\n<p>Teknolojik geli\u015fmeler ve nanokompozit kaplamalarla birlikte polimerik kaplama uygulamalar\u0131 daha ileriye ta\u015f\u0131n\u0131yor. Antifouling, hidrofilik\/hidrofobik ve antibakteriyel gibi \u00f6zellikler kazanan polimerik kaplamalar gelecekte de geli\u015ferek ve farkl\u0131 uygulama alanlara imkan verecek gibi g\u00f6r\u00fcn\u00fcyor.[\/vc_column_text][\/vc_column][vc_column width=&#8221;5\/12&#8243;][vc_custom_heading text=&#8221;\u0130yi Bir Kaplama \u0130\u00e7in Gerekli \u00d6zellikler&#8221; use_theme_fonts=&#8221;yes&#8221; el_class=&#8221;title&#8221;][vc_column_text]<\/p>\n<ul>\n<li>Su bazl\u0131 re\u00e7ineler. D\u00fc\u015f\u00fck veya s\u0131f\u0131r u\u00e7ucu organik bile\u015fikler (VOC)<\/li>\n<li>\u00c7ok iyi leke direnci ve kimyasal diren\u00e7<\/li>\n<li>\u00c7ok iyi engelleme direnci<\/li>\n<li>\u00c7ok iyi \u00e7izilme ve a\u015f\u0131nma direnci<\/li>\n<li>Parlak ve mat g\u00f6r\u00fcn\u00fcmler<\/li>\n<li>Uzun \u00d6m\u00fcr<\/li>\n<li>Yumu\u015fak dokunu\u015f etkisi<\/li>\n<li>UV \u0131\u015f\u0131nlar\u0131na maruziyetten sonra sararmama<\/li>\n<li>Metal ve plastik \u00fczerinde m\u00fckemmel yap\u0131\u015fma<\/li>\n<li>2K sistemler i\u00e7in karbodiimidler (2 bile\u015fenli)<\/li>\n<li>K\u0131sa kuruma s\u00fcresi, dolay\u0131s\u0131yla h\u0131zl\u0131 sertlik geli\u015fimi<\/li>\n<li>Kolay form\u00fclasyon<\/li>\n<\/ul>\n<p>[\/vc_column_text][\/vc_column][\/vc_row]<\/p>\n","protected":false},"excerpt":{"rendered":"<p>[vc_row css=&#8221;.vc_custom_1453476883637{margin-bottom: 15px !important;}&#8221;][vc_column][\/vc_column][\/vc_row][vc_row][vc_column][vc_custom_heading text=&#8221;Damper Polimer Kaplama Nedir ?&#8221; use_theme_fonts=&#8221;yes&#8221; el_class=&#8221;title&#8221;][vc_column_text]Kaplama en basit haliyle substrat olarak adland\u0131r\u0131lan bir y\u00fczeye uygulanan tabakad\u0131r. \u0130zmir damper polimer kaplama genellikle, gerekli ama\u00e7lar i\u00e7in herhangi bir maddeye uygulanan \u00fcst polimer tabakas\u0131 anlam\u0131na gelir. Genel olarak, &hellip;<\/p>\n","protected":false},"author":1,"featured_media":0,"parent":1436,"menu_order":0,"comment_status":"closed","ping_status":"closed","template":"","meta":{"footnotes":""},"class_list":["post-1522","page","type-page","status-publish","hentry"],"_links":{"self":[{"href":"https:\/\/umutmekanik.com\/index.php\/wp-json\/wp\/v2\/pages\/1522","targetHints":{"allow":["GET"]}}],"collection":[{"href":"https:\/\/umutmekanik.com\/index.php\/wp-json\/wp\/v2\/pages"}],"about":[{"href":"https:\/\/umutmekanik.com\/index.php\/wp-json\/wp\/v2\/types\/page"}],"author":[{"embeddable":true,"href":"https:\/\/umutmekanik.com\/index.php\/wp-json\/wp\/v2\/users\/1"}],"replies":[{"embeddable":true,"href":"https:\/\/umutmekanik.com\/index.php\/wp-json\/wp\/v2\/comments?post=1522"}],"version-history":[{"count":9,"href":"https:\/\/umutmekanik.com\/index.php\/wp-json\/wp\/v2\/pages\/1522\/revisions"}],"predecessor-version":[{"id":2552,"href":"https:\/\/umutmekanik.com\/index.php\/wp-json\/wp\/v2\/pages\/1522\/revisions\/2552"}],"up":[{"embeddable":true,"href":"https:\/\/umutmekanik.com\/index.php\/wp-json\/wp\/v2\/pages\/1436"}],"wp:attachment":[{"href":"https:\/\/umutmekanik.com\/index.php\/wp-json\/wp\/v2\/media?parent=1522"}],"curies":[{"name":"wp","href":"https:\/\/api.w.org\/{rel}","templated":true}]}}